{"id":42624,"date":"2023-12-11T14:05:34","date_gmt":"2023-12-11T13:05:34","guid":{"rendered":"https:\/\/dev.mas-llinas.com\/paquete-de-spa\/"},"modified":"2024-01-26T12:04:38","modified_gmt":"2024-01-26T11:04:38","slug":"paquete-de-spa","status":"publish","type":"page","link":"https:\/\/mas-llinas.com\/es\/paquete-de-spa\/","title":{"rendered":"Paquete de spa"},"content":{"rendered":"\n<div class=\"wp-block-columns are-vertically-aligned-center is-layout-flex wp-container-core-columns-is-layout-28f84493 wp-block-columns-is-layout-flex\">\n<div class=\"wp-block-column is-vertically-aligned-center is-layout-flow wp-block-column-is-layout-flow\">\n<figure class=\"wp-block-image aligncenter size-full is-resized\"><img loading=\"lazy\" decoding=\"async\" width=\"1011\" height=\"674\" src=\"https:\/\/mas-llinas.com\/wp-content\/uploads\/2023\/12\/cure-thermale.jpg\" alt=\"\" class=\"wp-image-41939\" style=\"width:515px;height:auto\" srcset=\"https:\/\/mas-llinas.com\/wp-content\/uploads\/2023\/12\/cure-thermale.jpg 1011w, https:\/\/mas-llinas.com\/wp-content\/uploads\/2023\/12\/cure-thermale-300x200.jpg 300w, https:\/\/mas-llinas.com\/wp-content\/uploads\/2023\/12\/cure-thermale-768x512.jpg 768w\" sizes=\"auto, (max-width: 1011px) 100vw, 1011px\" \/><\/figure>\n<\/div>\n\n\n\n<div class=\"wp-block-column is-vertically-aligned-center is-layout-flow wp-block-column-is-layout-flow\">\n<p>Aproveche nuestro paquete especial para curistas: <strong>2 semanas de alquiler, la tercera semana gratis en una casa m\u00f3vil<\/strong><\/p>\n\n\n\n<p>(oferta no v\u00e1lida en julio y agosto)<\/p>\n\n\n\n<p>Los campistas se benefician de un <strong>descuento del 15%<\/strong> en reservas de 21 d\u00edas o m\u00e1s. (Nuestras tarifas incluyen la electricidad)<\/p>\n\n\n\n<p>(oferta no v\u00e1lida en julio y agosto)<\/p>\n\n\n\n<p>El camping Mas Llinas pone a su disposici\u00f3n un <strong>servicio de transporte<\/strong> gratuito que le llevar\u00e1 al balneario de Le Boulou a partir de las 07:00 (excepto en julio y agosto).<\/p>\n<\/div>\n<\/div>\n","protected":false},"excerpt":{"rendered":"<p>Aproveche nuestro paquete especial para curistas: 2 semanas de alquiler, la tercera semana gratis en una casa m\u00f3vil (oferta no v\u00e1lida en julio y agosto) Los campistas se benefician de un descuento del 15% en reservas de 21 d\u00edas o m\u00e1s. (Nuestras tarifas incluyen la electricidad) (oferta no v\u00e1lida en julio y agosto) El camping [&hellip;]<\/p>\n","protected":false},"author":3,"featured_media":0,"parent":0,"menu_order":0,"comment_status":"closed","ping_status":"closed","template":"","meta":{"_seopress_robots_primary_cat":"","_seopress_titles_title":"Le ofrecemos un paquete de spa","_seopress_titles_desc":"El camping Mas Llinas le ofrece un paquete de spa. \u00a1Inf\u00f3rmese ahora!","_seopress_robots_index":"","footnotes":""},"class_list":["post-42624","page","type-page","status-publish","hentry"],"_links":{"self":[{"href":"https:\/\/mas-llinas.com\/es\/wp-json\/wp\/v2\/pages\/42624","targetHints":{"allow":["GET"]}}],"collection":[{"href":"https:\/\/mas-llinas.com\/es\/wp-json\/wp\/v2\/pages"}],"about":[{"href":"https:\/\/mas-llinas.com\/es\/wp-json\/wp\/v2\/types\/page"}],"author":[{"embeddable":true,"href":"https:\/\/mas-llinas.com\/es\/wp-json\/wp\/v2\/users\/3"}],"replies":[{"embeddable":true,"href":"https:\/\/mas-llinas.com\/es\/wp-json\/wp\/v2\/comments?post=42624"}],"version-history":[{"count":1,"href":"https:\/\/mas-llinas.com\/es\/wp-json\/wp\/v2\/pages\/42624\/revisions"}],"predecessor-version":[{"id":42625,"href":"https:\/\/mas-llinas.com\/es\/wp-json\/wp\/v2\/pages\/42624\/revisions\/42625"}],"wp:attachment":[{"href":"https:\/\/mas-llinas.com\/es\/wp-json\/wp\/v2\/media?parent=42624"}],"curies":[{"name":"wp","href":"https:\/\/api.w.org\/{rel}","templated":true}]}}

<div class="wp-block-columns are-vertically-aligned-center is-layout-flex wp-container-core-columns-is-layout-28f84493 wp-block-columns-is-layout-flex">
<div class="wp-block-column is-vertically-aligned-center is-layout-flow wp-block-column-is-layout-flow">
<figure class="wp-block-image aligncenter size-full is-resized"><img loading="lazy" decoding="async" width="1011" height="674" src="https://mas-llinas.com/wp-content/uploads/2023/12/cure-thermale.jpg" alt="" class="wp-image-41939" style="width:515px;height:auto" srcset="https://mas-llinas.com/wp-content/uploads/2023/12/cure-thermale.jpg 1011w, https://mas-llinas.com/wp-content/uploads/2023/12/cure-thermale-300x200.jpg 300w, https://mas-llinas.com/wp-content/uploads/2023/12/cure-thermale-768x512.jpg 768w" sizes="auto, (max-width: 1011px) 100vw, 1011px" /></figure>
</div>



<div class="wp-block-column is-vertically-aligned-center is-layout-flow wp-block-column-is-layout-flow">
<p>Aproveche nuestro paquete especial para curistas: <strong>2 semanas de alquiler, la tercera semana gratis en una casa móvil</strong></p>



<p>(oferta no válida en julio y agosto)</p>



<p>Los campistas se benefician de un <strong>descuento del 15%</strong> en reservas de 21 días o más. (Nuestras tarifas incluyen la electricidad)</p>



<p>(oferta no válida en julio y agosto)</p>



<p>El camping Mas Llinas pone a su disposición un <strong>servicio de transporte</strong> gratuito que le llevará al balneario de Le Boulou a partir de las 07:00 (excepto en julio y agosto).</p>
</div>
</div>

<p>Aproveche nuestro paquete especial para curistas: 2 semanas de alquiler, la tercera semana gratis en una casa móvil (oferta no válida en julio y agosto) Los campistas se benefician de un descuento del 15% en reservas de 21 días o más. (Nuestras tarifas incluyen la electricidad) (oferta no válida en julio y agosto) El camping [&hellip;]</p>

El camping Mas Llinas le ofrece un paquete de spa. ¡Infórmese ahora!
