{"id":42636,"date":"2024-01-11T16:46:29","date_gmt":"2024-01-11T15:46:29","guid":{"rendered":"https:\/\/dev.mas-llinas.com\/preguntas-frecuentes\/"},"modified":"2024-01-26T12:11:30","modified_gmt":"2024-01-26T11:11:30","slug":"preguntas-frecuentes","status":"publish","type":"page","link":"https:\/\/mas-llinas.com\/es\/preguntas-frecuentes\/","title":{"rendered":"PREGUNTAS FRECUENTES"},"content":{"rendered":"\n<p>Respondemos a las preguntas m\u00e1s frecuentes:<\/p>\n\n<div class=\"wp-block-group is-layout-constrained wp-container-core-group-is-layout-63184cba wp-block-group-is-layout-constrained\" style=\"margin-top:var(--wp--preset--spacing--60);margin-bottom:var(--wp--preset--spacing--60)\">\n<p><strong>\u00bfSe admiten animales de compa\u00f1\u00eda?  <\/strong><\/p>\n\n\n\n<p>S\u00ed, se aceptan en alojamientos y parcelas. Los precios figuran en las p\u00e1ginas de <a href=\"https:\/\/mas-llinas.com\/hebergements\/\" data-type=\"page\" data-id=\"41729\">alojamiento<\/a> y <a href=\"https:\/\/mas-llinas.com\/es\/ubicaciones\/\" data-type=\"page\" data-id=\"41733\">parcelas<\/a>.  <\/p>\n<\/div>\n\n<div class=\"wp-block-group is-layout-constrained wp-container-core-group-is-layout-63184cba wp-block-group-is-layout-constrained\" style=\"margin-top:var(--wp--preset--spacing--60);margin-bottom:var(--wp--preset--spacing--60)\">\n<p><strong>\u00bfC\u00f3mo reservo una estancia en Mas Llinas?  <\/strong><\/p>\n\n\n\n<p>Se requerir\u00e1 un dep\u00f3sito del 30% del coste total en el momento de la reserva. El saldo debe abonarse 6 semanas antes de su llegada.  <\/p>\n<\/div>\n\n<div class=\"wp-block-group is-layout-constrained wp-container-core-group-is-layout-63184cba wp-block-group-is-layout-constrained\" style=\"margin-top:var(--wp--preset--spacing--60);margin-bottom:var(--wp--preset--spacing--60)\">\n<p><strong>\u00bfHay que pagar una fianza por la reserva?  <\/strong><\/p>\n\n\n\n<p>Para alquilar un alojamiento, deber\u00e1 entregar un dep\u00f3sito de 300 euros mediante cheque o transferencia bancaria a su llegada.  <\/p>\n<\/div>\n\n<div class=\"wp-block-group is-layout-constrained wp-container-core-group-is-layout-63184cba wp-block-group-is-layout-constrained\" style=\"margin-top:var(--wp--preset--spacing--60);margin-bottom:var(--wp--preset--spacing--60)\">\n<p><strong>\u00bfQu\u00e9 formas de pago se aceptan en el camping?<\/strong><\/p>\n\n\n\n<p>Puede pagar su estancia con tarjeta de cr\u00e9dito, cheque, vale de vacaciones o en efectivo.<\/p>\n<\/div>\n\n<div class=\"wp-block-group is-layout-constrained wp-container-core-group-is-layout-63184cba wp-block-group-is-layout-constrained\" style=\"margin-top:var(--wp--preset--spacing--60);margin-bottom:var(--wp--preset--spacing--60)\">\n<p><strong>\u00bfOfrecen seguro de anulaci\u00f3n?  <\/strong><\/p>\n\n\n\n<p>S\u00ed, puede contratar un seguro de anulaci\u00f3n al hacer la reserva.<\/p>\n<\/div>\n\n<div class=\"wp-block-group is-layout-constrained wp-container-core-group-is-layout-63184cba wp-block-group-is-layout-constrained\" style=\"margin-top:var(--wp--preset--spacing--60);margin-bottom:var(--wp--preset--spacing--60)\">\n<p><strong>\u00bfAlquilas art\u00edculos para beb\u00e9s?  <\/strong><\/p>\n\n\n\n<p>Se alquilan tronas (15 \u20ac\/semana) y cunas (15 \u20ac\/semana).  <\/p>\n<\/div>\n\n<div class=\"wp-block-group is-layout-constrained wp-container-core-group-is-layout-63184cba wp-block-group-is-layout-constrained\" style=\"margin-top:var(--wp--preset--spacing--60);margin-bottom:var(--wp--preset--spacing--60)\">\n<p><strong>\u00bfPuedo alquilar s\u00e1banas?<\/strong><\/p>\n\n\n\n<p>Si est\u00e1 alojado, puede alquilar s\u00e1banas a 7 euros la cama individual y a 12 euros la doble.<\/p>\n<\/div>\n\n<div class=\"wp-block-group is-layout-constrained wp-container-core-group-is-layout-63184cba wp-block-group-is-layout-constrained\" style=\"margin-top:var(--wp--preset--spacing--60);margin-bottom:var(--wp--preset--spacing--60)\">\n<p><strong>\u00bfPodemos alquilar toallas?  <\/strong><\/p>\n\n\n\n<p>Las toallas est\u00e1n disponibles en la recepci\u00f3n a un coste de 10 \u20ac por semana.<\/p>\n<\/div>\n\n<div class=\"wp-block-group is-layout-constrained wp-container-core-group-is-layout-63184cba wp-block-group-is-layout-constrained\" style=\"margin-top:var(--wp--preset--spacing--60);margin-bottom:var(--wp--preset--spacing--60)\">\n<p><strong>\u00bfEs posible anular una reserva sin seguro de anulaci\u00f3n?  <\/strong><\/p>\n\n\n\n<p>El camping podr\u00e1 cancelar su reserva, pero no podr\u00e1 reembolsarle el dep\u00f3sito abonado.  <\/p>\n<\/div>\n\n<div class=\"wp-block-group is-layout-constrained wp-container-core-group-is-layout-63184cba wp-block-group-is-layout-constrained\" style=\"margin-top:var(--wp--preset--spacing--60);margin-bottom:var(--wp--preset--spacing--60)\">\n<p><strong>\u00bfTiene terminales el\u00e9ctricos?<\/strong><\/p>\n\n\n\n<p>No<\/p>\n<\/div>\n\n<div class=\"wp-block-group is-layout-constrained wp-container-core-group-is-layout-63184cba wp-block-group-is-layout-constrained\" style=\"margin-top:var(--wp--preset--spacing--60);margin-bottom:var(--wp--preset--spacing--60)\">\n<p><strong>\u00bfPuedo aparcar en el camping?  <\/strong><\/p>\n\n\n\n<p>Cada parcela y alojamiento dispone de una plaza de aparcamiento. Los veh\u00edculos adicionales deben aparcarse fuera.  <\/p>\n<\/div>\n\n<div class=\"wp-block-group is-layout-constrained wp-container-core-group-is-layout-63184cba wp-block-group-is-layout-constrained\" style=\"margin-top:var(--wp--preset--spacing--60);margin-bottom:var(--wp--preset--spacing--60)\">\n<p><strong>\u00bfTienes una zona de juegos?  <\/strong><\/p>\n\n\n\n<p>S\u00ed, para ni\u00f1os<\/p>\n<\/div>\n\n<div class=\"wp-block-group is-layout-constrained wp-container-core-group-is-layout-63184cba wp-block-group-is-layout-constrained\" style=\"margin-top:var(--wp--preset--spacing--60);margin-bottom:var(--wp--preset--spacing--60)\">\n<p><strong>\u00bfOfrecen WIFI?  <\/strong><\/p>\n\n\n\n<p>S\u00ed, ofrecemos WIFI a los visitantes. Las tarifas son : 2 euros por una hora y un aparato, 5 euros por 24 horas y un aparato, 7,50 euros por 3 d\u00edas o un fin de semana y un aparato, 10 euros por una semana y un aparato, 15 euros por una semana y 3 aparatos y 30 euros por 1 mes y 1 aparato.<\/p>\n<\/div>\n\n<div class=\"wp-block-group is-layout-constrained wp-container-core-group-is-layout-63184cba wp-block-group-is-layout-constrained\" style=\"margin-top:var(--wp--preset--spacing--60);margin-bottom:var(--wp--preset--spacing--60)\">\n<p><strong>\u00bfTienes una barbacoa?  <\/strong><\/p>\n\n\n\n<p>Se puede alquilar una barbacoa el\u00e9ctrica por 15 euros a la semana.  <\/p>\n<\/div>\n\n<div class=\"wp-block-group is-layout-constrained wp-container-core-group-is-layout-63184cba wp-block-group-is-layout-constrained\" style=\"margin-top:var(--wp--preset--spacing--60);margin-bottom:var(--wp--preset--spacing--60)\">\n<p><strong>\u00bfTiene un paquete de limpieza?  <\/strong><\/p>\n\n\n\n<p>Le ofrecemos un paquete de limpieza para que no tenga que preocuparse antes de marcharse: 50 euros por un mobil-home de un dormitorio, 70 euros por un mobil-home de 2 dormitorios y 100 euros por un mobil-home de 3 dormitorios.  <\/p>\n<\/div>\n\n<div class=\"wp-block-group is-layout-constrained wp-container-core-group-is-layout-63184cba wp-block-group-is-layout-constrained\" style=\"margin-top:var(--wp--preset--spacing--60);margin-bottom:var(--wp--preset--spacing--60)\">\n<p><strong>\u00bfDisponen las viviendas de aire acondicionado?  <\/strong><\/p>\n\n\n\n<p>El chal\u00e9 PMR, la gama DUO, las casas m\u00f3viles NEST, TRIGANO, O&#8217;HARA, CONFORT, CONFORT+ y EMERAUDE est\u00e1n equipados con aire acondicionado.<\/p>\n<\/div>\n\n<div class=\"wp-block-group is-layout-constrained wp-container-core-group-is-layout-63184cba wp-block-group-is-layout-constrained\" style=\"margin-top:var(--wp--preset--spacing--60);margin-bottom:var(--wp--preset--spacing--60)\">\n<p><strong>\u00bfDisponen los alojamientos de m\u00e1quinas de caf\u00e9?<\/strong><\/p>\n\n\n\n<p>Todos los alojamientos est\u00e1n equipados con cafetera.<\/p>\n<\/div>\n\n<div class=\"wp-block-group is-layout-constrained wp-container-core-group-is-layout-63184cba wp-block-group-is-layout-constrained\" style=\"margin-top:var(--wp--preset--spacing--60);margin-bottom:var(--wp--preset--spacing--60)\">\n<p><strong>\u00bfLas parcelas tienen electricidad?  <\/strong><\/p>\n\n\n\n<p>S\u00ed, todos los lugares.  <\/p>\n<\/div>\n","protected":false},"excerpt":{"rendered":"<p>Respondemos a las preguntas m\u00e1s frecuentes: \u00bfSe admiten animales de compa\u00f1\u00eda? S\u00ed, se aceptan en alojamientos y parcelas. Los precios figuran en las p\u00e1ginas de alojamiento y parcelas. \u00bfC\u00f3mo reservo una estancia en Mas Llinas? Se requerir\u00e1 un dep\u00f3sito del 30% del coste total en el momento de la reserva. El saldo debe abonarse 6 [&hellip;]<\/p>\n","protected":false},"author":3,"featured_media":0,"parent":0,"menu_order":0,"comment_status":"closed","ping_status":"closed","template":"","meta":{"_seopress_robots_primary_cat":"","_seopress_titles_title":"Encuentre todas las respuestas a sus preguntas","_seopress_titles_desc":"Antes de su estancia en el camping 4 estrellas le Mas Llinas, consulte las preguntas m\u00e1s frecuentes.","_seopress_robots_index":"","footnotes":""},"class_list":["post-42636","page","type-page","status-publish","hentry"],"_links":{"self":[{"href":"https:\/\/mas-llinas.com\/es\/wp-json\/wp\/v2\/pages\/42636","targetHints":{"allow":["GET"]}}],"collection":[{"href":"https:\/\/mas-llinas.com\/es\/wp-json\/wp\/v2\/pages"}],"about":[{"href":"https:\/\/mas-llinas.com\/es\/wp-json\/wp\/v2\/types\/page"}],"author":[{"embeddable":true,"href":"https:\/\/mas-llinas.com\/es\/wp-json\/wp\/v2\/users\/3"}],"replies":[{"embeddable":true,"href":"https:\/\/mas-llinas.com\/es\/wp-json\/wp\/v2\/comments?post=42636"}],"version-history":[{"count":1,"href":"https:\/\/mas-llinas.com\/es\/wp-json\/wp\/v2\/pages\/42636\/revisions"}],"predecessor-version":[{"id":42637,"href":"https:\/\/mas-llinas.com\/es\/wp-json\/wp\/v2\/pages\/42636\/revisions\/42637"}],"wp:attachment":[{"href":"https:\/\/mas-llinas.com\/es\/wp-json\/wp\/v2\/media?parent=42636"}],"curies":[{"name":"wp","href":"https:\/\/api.w.org\/{rel}","templated":true}]}}

<p>Respondemos a las preguntas más frecuentes:</p>

<div class="wp-block-group is-layout-constrained wp-container-core-group-is-layout-63184cba wp-block-group-is-layout-constrained" style="margin-top:var(--wp--preset--spacing--60);margin-bottom:var(--wp--preset--spacing--60)">
<p><strong>¿Se admiten animales de compañía?  </strong></p>



<p>Sí, se aceptan en alojamientos y parcelas. Los precios figuran en las páginas de <a href="https://mas-llinas.com/hebergements/" data-type="page" data-id="41729">alojamiento</a> y <a href="https://mas-llinas.com/es/ubicaciones/" data-type="page" data-id="41733">parcelas</a>.  </p>
</div>

<div class="wp-block-group is-layout-constrained wp-container-core-group-is-layout-63184cba wp-block-group-is-layout-constrained" style="margin-top:var(--wp--preset--spacing--60);margin-bottom:var(--wp--preset--spacing--60)">
<p><strong>¿Cómo reservo una estancia en Mas Llinas?  </strong></p>



<p>Se requerirá un depósito del 30% del coste total en el momento de la reserva. El saldo debe abonarse 6 semanas antes de su llegada.  </p>
</div>

<div class="wp-block-group is-layout-constrained wp-container-core-group-is-layout-63184cba wp-block-group-is-layout-constrained" style="margin-top:var(--wp--preset--spacing--60);margin-bottom:var(--wp--preset--spacing--60)">
<p><strong>¿Hay que pagar una fianza por la reserva?  </strong></p>



<p>Para alquilar un alojamiento, deberá entregar un depósito de 300 euros mediante cheque o transferencia bancaria a su llegada.  </p>
</div>

<div class="wp-block-group is-layout-constrained wp-container-core-group-is-layout-63184cba wp-block-group-is-layout-constrained" style="margin-top:var(--wp--preset--spacing--60);margin-bottom:var(--wp--preset--spacing--60)">
<p><strong>¿Qué formas de pago se aceptan en el camping?</strong></p>



<p>Puede pagar su estancia con tarjeta de crédito, cheque, vale de vacaciones o en efectivo.</p>
</div>

<div class="wp-block-group is-layout-constrained wp-container-core-group-is-layout-63184cba wp-block-group-is-layout-constrained" style="margin-top:var(--wp--preset--spacing--60);margin-bottom:var(--wp--preset--spacing--60)">
<p><strong>¿Ofrecen seguro de anulación?  </strong></p>



<p>Sí, puede contratar un seguro de anulación al hacer la reserva.</p>
</div>

<div class="wp-block-group is-layout-constrained wp-container-core-group-is-layout-63184cba wp-block-group-is-layout-constrained" style="margin-top:var(--wp--preset--spacing--60);margin-bottom:var(--wp--preset--spacing--60)">
<p><strong>¿Alquilas artículos para bebés?  </strong></p>



<p>Se alquilan tronas (15 €/semana) y cunas (15 €/semana).  </p>
</div>

<div class="wp-block-group is-layout-constrained wp-container-core-group-is-layout-63184cba wp-block-group-is-layout-constrained" style="margin-top:var(--wp--preset--spacing--60);margin-bottom:var(--wp--preset--spacing--60)">
<p><strong>¿Puedo alquilar sábanas?</strong></p>



<p>Si está alojado, puede alquilar sábanas a 7 euros la cama individual y a 12 euros la doble.</p>
</div>

<div class="wp-block-group is-layout-constrained wp-container-core-group-is-layout-63184cba wp-block-group-is-layout-constrained" style="margin-top:var(--wp--preset--spacing--60);margin-bottom:var(--wp--preset--spacing--60)">
<p><strong>¿Podemos alquilar toallas?  </strong></p>



<p>Las toallas están disponibles en la recepción a un coste de 10 € por semana.</p>
</div>

<div class="wp-block-group is-layout-constrained wp-container-core-group-is-layout-63184cba wp-block-group-is-layout-constrained" style="margin-top:var(--wp--preset--spacing--60);margin-bottom:var(--wp--preset--spacing--60)">
<p><strong>¿Es posible anular una reserva sin seguro de anulación?  </strong></p>



<p>El camping podrá cancelar su reserva, pero no podrá reembolsarle el depósito abonado.  </p>
</div>

<div class="wp-block-group is-layout-constrained wp-container-core-group-is-layout-63184cba wp-block-group-is-layout-constrained" style="margin-top:var(--wp--preset--spacing--60);margin-bottom:var(--wp--preset--spacing--60)">
<p><strong>¿Tiene terminales eléctricos?</strong></p>



<p>No</p>
</div>

<div class="wp-block-group is-layout-constrained wp-container-core-group-is-layout-63184cba wp-block-group-is-layout-constrained" style="margin-top:var(--wp--preset--spacing--60);margin-bottom:var(--wp--preset--spacing--60)">
<p><strong>¿Puedo aparcar en el camping?  </strong></p>



<p>Cada parcela y alojamiento dispone de una plaza de aparcamiento. Los vehículos adicionales deben aparcarse fuera.  </p>
</div>

<div class="wp-block-group is-layout-constrained wp-container-core-group-is-layout-63184cba wp-block-group-is-layout-constrained" style="margin-top:var(--wp--preset--spacing--60);margin-bottom:var(--wp--preset--spacing--60)">
<p><strong>¿Tienes una zona de juegos?  </strong></p>



<p>Sí, para niños</p>
</div>

<div class="wp-block-group is-layout-constrained wp-container-core-group-is-layout-63184cba wp-block-group-is-layout-constrained" style="margin-top:var(--wp--preset--spacing--60);margin-bottom:var(--wp--preset--spacing--60)">
<p><strong>¿Ofrecen WIFI?  </strong></p>



<p>Sí, ofrecemos WIFI a los visitantes. Las tarifas son : 2 euros por una hora y un aparato, 5 euros por 24 horas y un aparato, 7,50 euros por 3 días o un fin de semana y un aparato, 10 euros por una semana y un aparato, 15 euros por una semana y 3 aparatos y 30 euros por 1 mes y 1 aparato.</p>
</div>

<div class="wp-block-group is-layout-constrained wp-container-core-group-is-layout-63184cba wp-block-group-is-layout-constrained" style="margin-top:var(--wp--preset--spacing--60);margin-bottom:var(--wp--preset--spacing--60)">
<p><strong>¿Tienes una barbacoa?  </strong></p>



<p>Se puede alquilar una barbacoa eléctrica por 15 euros a la semana.  </p>
</div>

<div class="wp-block-group is-layout-constrained wp-container-core-group-is-layout-63184cba wp-block-group-is-layout-constrained" style="margin-top:var(--wp--preset--spacing--60);margin-bottom:var(--wp--preset--spacing--60)">
<p><strong>¿Tiene un paquete de limpieza?  </strong></p>



<p>Le ofrecemos un paquete de limpieza para que no tenga que preocuparse antes de marcharse: 50 euros por un mobil-home de un dormitorio, 70 euros por un mobil-home de 2 dormitorios y 100 euros por un mobil-home de 3 dormitorios.  </p>
</div>

<div class="wp-block-group is-layout-constrained wp-container-core-group-is-layout-63184cba wp-block-group-is-layout-constrained" style="margin-top:var(--wp--preset--spacing--60);margin-bottom:var(--wp--preset--spacing--60)">
<p><strong>¿Disponen las viviendas de aire acondicionado?  </strong></p>



<p>El chalé PMR, la gama DUO, las casas móviles NEST, TRIGANO, O&#8217;HARA, CONFORT, CONFORT+ y EMERAUDE están equipados con aire acondicionado.</p>
</div>

<div class="wp-block-group is-layout-constrained wp-container-core-group-is-layout-63184cba wp-block-group-is-layout-constrained" style="margin-top:var(--wp--preset--spacing--60);margin-bottom:var(--wp--preset--spacing--60)">
<p><strong>¿Disponen los alojamientos de máquinas de café?</strong></p>



<p>Todos los alojamientos están equipados con cafetera.</p>
</div>

<div class="wp-block-group is-layout-constrained wp-container-core-group-is-layout-63184cba wp-block-group-is-layout-constrained" style="margin-top:var(--wp--preset--spacing--60);margin-bottom:var(--wp--preset--spacing--60)">
<p><strong>¿Las parcelas tienen electricidad?  </strong></p>



<p>Sí, todos los lugares.  </p>
</div>

<p>Respondemos a las preguntas más frecuentes: ¿Se admiten animales de compañía? Sí, se aceptan en alojamientos y parcelas. Los precios figuran en las páginas de alojamiento y parcelas. ¿Cómo reservo una estancia en Mas Llinas? Se requerirá un depósito del 30% del coste total en el momento de la reserva. El saldo debe abonarse 6 [&hellip;]</p>

Antes de su estancia en el camping 4 estrellas le Mas Llinas, consulte las preguntas más frecuentes.
