{"id":42650,"date":"2023-12-11T14:02:49","date_gmt":"2023-12-11T13:02:49","guid":{"rendered":"https:\/\/dev.mas-llinas.com\/informacion-juridica\/"},"modified":"2024-01-26T12:12:55","modified_gmt":"2024-01-26T11:12:55","slug":"informacion-juridica","status":"publish","type":"page","link":"https:\/\/mas-llinas.com\/es\/informacion-juridica\/","title":{"rendered":"Informaci\u00f3n jur\u00eddica"},"content":{"rendered":"\n<div class=\"wp-block-columns is-layout-flex wp-container-core-columns-is-layout-28f84493 wp-block-columns-is-layout-flex\">\n<div class=\"wp-block-column is-layout-flow wp-block-column-is-layout-flow\">\n<h2 class=\"wp-block-heading\">\u00bfQui\u00e9nes somos?<\/h2>\n\n\n\n<h3 class=\"wp-block-heading\">Editorial<\/h3>\n\n\n\n<p>CAMPING LE MAS LLINAS<\/p>\n\n\n\n<p>52213303200014<br\/>Domicilio social: chemin du Mas Llinas, 66160 LE BOULOU<br\/>Tel\u00e9fono : 04 68 83 25 46<br\/>Correo electr\u00f3nico: contact@mas-llinas.com<\/p>\n\n\n\n<h3 class=\"wp-block-heading\">Director editorial<\/h3>\n\n\n\n<p>Marsille Roger<\/p>\n<\/div>\n\n\n\n<div class=\"wp-block-column is-layout-flow wp-block-column-is-layout-flow\">\n<h3 class=\"wp-block-heading\">Producci\u00f3n t\u00e9cnica y gr\u00e1fica :<\/h3>\n\n\n\n<p>SEV \/ Ouest-Communication.com<\/p>\n\n\n\n<p>123 bd Louis Blanc &#8211; Loco Num\u00e9rique Pabell\u00f3n 2<br\/>85580 Jard sur Mer<br\/>Tel. : 02 51 20 30 40<br\/>Correo electr\u00f3nico: contact@ouest-communication.com<br\/>P\u00e1gina web: https: <a href=\"https:\/\/www.ouest-communication.com\/\" target=\"_blank\" rel=\"noreferrer noopener\">\/\/www.ouest-communication.com\/<\/a><\/p>\n\n\n\n<h3 class=\"wp-block-heading\">Alojamiento web :<\/h3>\n\n\n\n<p>OVH<br\/>2 rue Kellermann<br\/>59100 Roubaix<\/p>\n<\/div>\n<\/div>\n\n<h2 class=\"wp-block-heading\">Uso de los datos personales recogidos<\/h2>\n\n<p>Sus datos personales s\u00f3lo se utilizan en el marco de la relaci\u00f3n comercial entre usted y el editor \u00abCAMPING LE MAS LLINAS\u00bb.<\/p>\n\n<p>A menos que d\u00e9 su consentimiento expreso, sus datos no se transmitir\u00e1n a terceros.<\/p>\n\n<h3 class=\"wp-block-heading\">Formularios de contacto<\/h3>\n\n<p>La informaci\u00f3n recogida mediante los formularios se registra en un fichero informatizado a efectos de una solicitud de informaci\u00f3n y de la relaci\u00f3n comercial que pueda derivarse. Puede ejercer su derecho de acceso a sus datos personales utilizando <a href=\"https:\/\/mas-llinas.com\/es\/solicitud-de-acceso-a-datos-personales\/\">el formulario previsto a tal efecto<\/a>.<\/p>\n\n<h3 class=\"wp-block-heading\">Cookies<\/h3>\n\n<p>Si deja un comentario en nuestro sitio, se le pedir\u00e1 que guarde su nombre, direcci\u00f3n de correo electr\u00f3nico y sitio web en cookies. Esto es s\u00f3lo para su comodidad, para que no tenga que introducir esta informaci\u00f3n si publica otro comentario m\u00e1s tarde. Estas cookies caducan al cabo de un a\u00f1o.<\/p>\n\n<p>Si tiene una cuenta y entra en este sitio, se crear\u00e1 una cookie temporal para determinar si su navegador acepta cookies. No contiene ning\u00fan dato personal y se borrar\u00e1 autom\u00e1ticamente cuando cierre su navegador.<\/p>\n\n<p>Con fines estad\u00edsticos, este sitio utiliza cookies para recopilar informaci\u00f3n sobre las p\u00e1ginas que ha visitado. En particular, almacenan informaci\u00f3n an\u00f3nima sobre su posici\u00f3n geogr\u00e1fica, su navegador, etc.<\/p>\n\n<h3 class=\"wp-block-heading\">Medios de comunicaci\u00f3n<\/h3>\n\n<p>Si es usted un usuario registrado y sube im\u00e1genes al sitio web, le aconsejamos que evite subir im\u00e1genes que contengan datos EXIF de coordenadas GPS. Los visitantes de su sitio web pueden descargar y extraer datos de localizaci\u00f3n de estas im\u00e1genes.<\/p>\n\n<h3 class=\"wp-block-heading\">Contenido incrustado de otros sitios<\/h3>\n\n<p>Los art\u00edculos de este sitio pueden incluir contenido incrustado (por ejemplo, v\u00eddeos, im\u00e1genes, art\u00edculos, etc.). El contenido integrado desde otros sitios se comporta de la misma manera que si el visitante estuviera visitando ese otro sitio.<\/p>\n\n<p>Estos sitios web pueden recopilar datos sobre usted, utilizar cookies, incrustar herramientas de seguimiento de terceros y rastrear sus interacciones con este contenido incrustado si tiene una cuenta iniciada en su sitio web.<\/p>\n\n<h2 class=\"wp-block-heading\">Periodos de almacenamiento de sus datos<\/h2>\n\n<p>Si deja un comentario, el comentario y sus metadatos se conservan indefinidamente. Esto permite que los comentarios posteriores se reconozcan y aprueben autom\u00e1ticamente en lugar de quedarse en la cola de moderaci\u00f3n.<\/p>\n\n<p>En el caso de los usuarios que se registran en nuestro sitio (cuando es posible), tambi\u00e9n almacenamos los datos personales indicados en su perfil. Todos los usuarios pueden ver, modificar o borrar su informaci\u00f3n personal en cualquier momento (a excepci\u00f3n de su nombre de usuario). Los administradores de los centros tambi\u00e9n pueden ver y modificar esta informaci\u00f3n.<\/p>\n\n<h2 class=\"wp-block-heading\">Los derechos que tiene sobre sus datos<\/h2>\n\n<p>Si tiene una cuenta o si ha dejado comentarios en el sitio, puede solicitar que le enviemos un archivo con todos los datos personales que tenemos sobre usted, incluidos los que nos ha facilitado. Tambi\u00e9n puede solicitar la supresi\u00f3n de sus datos personales. Esto no incluye los datos almacenados con fines administrativos, legales o de seguridad.<\/p>\n\n<h2 class=\"wp-block-heading\">Fotos<\/h2>\n\n<p>@lac saint jean pla de corts &#8211; CD66 B Frankel<br\/>Aqua Jump situado junto al lago de Saint Jean Pla de Corts<br\/><\/p>\n","protected":false},"excerpt":{"rendered":"<p>\u00bfQui\u00e9nes somos? Editorial CAMPING LE MAS LLINAS 52213303200014Domicilio social: chemin du Mas Llinas, 66160 LE BOULOUTel\u00e9fono : 04 68 83 25 46Correo electr\u00f3nico: contact@mas-llinas.com Director editorial Marsille Roger Producci\u00f3n t\u00e9cnica y gr\u00e1fica : SEV \/ Ouest-Communication.com 123 bd Louis Blanc &#8211; Loco Num\u00e9rique Pabell\u00f3n 285580 Jard sur MerTel. : 02 51 20 30 40Correo electr\u00f3nico: [&hellip;]<\/p>\n","protected":false},"author":3,"featured_media":0,"parent":0,"menu_order":0,"comment_status":"closed","ping_status":"closed","template":"","meta":{"_seopress_robots_primary_cat":"","_seopress_titles_title":"Informaci\u00f3n legal sobre el camping le Mas Llinas","_seopress_titles_desc":"P\u00e1gina de informaci\u00f3n legal del sitio web del camping Mas Llinas en Le Boulou en los Pirineos Orientales","_seopress_robots_index":"","footnotes":""},"class_list":["post-42650","page","type-page","status-publish","hentry"],"_links":{"self":[{"href":"https:\/\/mas-llinas.com\/es\/wp-json\/wp\/v2\/pages\/42650","targetHints":{"allow":["GET"]}}],"collection":[{"href":"https:\/\/mas-llinas.com\/es\/wp-json\/wp\/v2\/pages"}],"about":[{"href":"https:\/\/mas-llinas.com\/es\/wp-json\/wp\/v2\/types\/page"}],"author":[{"embeddable":true,"href":"https:\/\/mas-llinas.com\/es\/wp-json\/wp\/v2\/users\/3"}],"replies":[{"embeddable":true,"href":"https:\/\/mas-llinas.com\/es\/wp-json\/wp\/v2\/comments?post=42650"}],"version-history":[{"count":1,"href":"https:\/\/mas-llinas.com\/es\/wp-json\/wp\/v2\/pages\/42650\/revisions"}],"predecessor-version":[{"id":42651,"href":"https:\/\/mas-llinas.com\/es\/wp-json\/wp\/v2\/pages\/42650\/revisions\/42651"}],"wp:attachment":[{"href":"https:\/\/mas-llinas.com\/es\/wp-json\/wp\/v2\/media?parent=42650"}],"curies":[{"name":"wp","href":"https:\/\/api.w.org\/{rel}","templated":true}]}}

Información jurídica

<div class="wp-block-columns is-layout-flex wp-container-core-columns-is-layout-28f84493 wp-block-columns-is-layout-flex">
<div class="wp-block-column is-layout-flow wp-block-column-is-layout-flow">
<h2 class="wp-block-heading">¿Quiénes somos?</h2>



<h3 class="wp-block-heading">Editorial</h3>



<p>CAMPING LE MAS LLINAS</p>



<p>52213303200014<br/>Domicilio social: chemin du Mas Llinas, 66160 LE BOULOU<br/>Teléfono : 04 68 83 25 46<br/>Correo electrónico: contact@mas-llinas.com</p>



<h3 class="wp-block-heading">Director editorial</h3>



<p>Marsille Roger</p>
</div>



<div class="wp-block-column is-layout-flow wp-block-column-is-layout-flow">
<h3 class="wp-block-heading">Producción técnica y gráfica :</h3>



<p>SEV / Ouest-Communication.com</p>



<p>123 bd Louis Blanc &#8211; Loco Numérique Pabellón 2<br/>85580 Jard sur Mer<br/>Tel. : 02 51 20 30 40<br/>Correo electrónico: contact@ouest-communication.com<br/>Página web: https: <a href="https://www.ouest-communication.com/" target="_blank" rel="noreferrer noopener">//www.ouest-communication.com/</a></p>



<h3 class="wp-block-heading">Alojamiento web :</h3>



<p>OVH<br/>2 rue Kellermann<br/>59100 Roubaix</p>
</div>
</div>

<h2 class="wp-block-heading">Uso de los datos personales recogidos</h2>

<p>Sus datos personales sólo se utilizan en el marco de la relación comercial entre usted y el editor «CAMPING LE MAS LLINAS».</p>

<p>A menos que dé su consentimiento expreso, sus datos no se transmitirán a terceros.</p>

<h3 class="wp-block-heading">Formularios de contacto</h3>

<p>La información recogida mediante los formularios se registra en un fichero informatizado a efectos de una solicitud de información y de la relación comercial que pueda derivarse. Puede ejercer su derecho de acceso a sus datos personales utilizando <a href="https://mas-llinas.com/es/solicitud-de-acceso-a-datos-personales/">el formulario previsto a tal efecto</a>.</p>

<h3 class="wp-block-heading">Cookies</h3>

<p>Si deja un comentario en nuestro sitio, se le pedirá que guarde su nombre, dirección de correo electrónico y sitio web en cookies. Esto es sólo para su comodidad, para que no tenga que introducir esta información si publica otro comentario más tarde. Estas cookies caducan al cabo de un año.</p>

<p>Si tiene una cuenta y entra en este sitio, se creará una cookie temporal para determinar si su navegador acepta cookies. No contiene ningún dato personal y se borrará automáticamente cuando cierre su navegador.</p>

<p>Con fines estadísticos, este sitio utiliza cookies para recopilar información sobre las páginas que ha visitado. En particular, almacenan información anónima sobre su posición geográfica, su navegador, etc.</p>

<h3 class="wp-block-heading">Medios de comunicación</h3>

<p>Si es usted un usuario registrado y sube imágenes al sitio web, le aconsejamos que evite subir imágenes que contengan datos EXIF de coordenadas GPS. Los visitantes de su sitio web pueden descargar y extraer datos de localización de estas imágenes.</p>

<h3 class="wp-block-heading">Contenido incrustado de otros sitios</h3>

<p>Los artículos de este sitio pueden incluir contenido incrustado (por ejemplo, vídeos, imágenes, artículos, etc.). El contenido integrado desde otros sitios se comporta de la misma manera que si el visitante estuviera visitando ese otro sitio.</p>

<p>Estos sitios web pueden recopilar datos sobre usted, utilizar cookies, incrustar herramientas de seguimiento de terceros y rastrear sus interacciones con este contenido incrustado si tiene una cuenta iniciada en su sitio web.</p>

<h2 class="wp-block-heading">Periodos de almacenamiento de sus datos</h2>

<p>Si deja un comentario, el comentario y sus metadatos se conservan indefinidamente. Esto permite que los comentarios posteriores se reconozcan y aprueben automáticamente en lugar de quedarse en la cola de moderación.</p>

<p>En el caso de los usuarios que se registran en nuestro sitio (cuando es posible), también almacenamos los datos personales indicados en su perfil. Todos los usuarios pueden ver, modificar o borrar su información personal en cualquier momento (a excepción de su nombre de usuario). Los administradores de los centros también pueden ver y modificar esta información.</p>

<h2 class="wp-block-heading">Los derechos que tiene sobre sus datos</h2>

<p>Si tiene una cuenta o si ha dejado comentarios en el sitio, puede solicitar que le enviemos un archivo con todos los datos personales que tenemos sobre usted, incluidos los que nos ha facilitado. También puede solicitar la supresión de sus datos personales. Esto no incluye los datos almacenados con fines administrativos, legales o de seguridad.</p>

<h2 class="wp-block-heading">Fotos</h2>

<p>@lac saint jean pla de corts &#8211; CD66 B Frankel<br/>Aqua Jump situado junto al lago de Saint Jean Pla de Corts<br/></p>

<p>¿Quiénes somos? Editorial CAMPING LE MAS LLINAS 52213303200014Domicilio social: chemin du Mas Llinas, 66160 LE BOULOUTeléfono : 04 68 83 25 46Correo electrónico: contact@mas-llinas.com Director editorial Marsille Roger Producción técnica y gráfica : SEV / Ouest-Communication.com 123 bd Louis Blanc &#8211; Loco Numérique Pabellón 285580 Jard sur MerTel. : 02 51 20 30 40Correo electrónico: [&hellip;]</p>

Información legal sobre el camping le Mas Llinas

Página de información legal del sitio web del camping Mas Llinas en Le Boulou en los Pirineos Orientales
